70?
-620
In base 14, what is 1c78 + 7?
1c81
In base 7, what is 2015 - -610?
2625
In base 7, what is 44315 + -3?
44312
In base 5, what is 10 + 444031?
444041
In base 2, what is -10011111101111 - 10?
-10011111110001
In base 7, what is -2043 + -13404?
-15450
In base 3, what is 2110102001120 - 10?
2110102001110
In base 6, what is -5 + 4233004?
4232555
In base 15, what is 229 + -160?
b9
In base 3, what is 201202 - -1000000?
1201202
In base 10, what is 1 - -19283?
19284
In base 9, what is 2 + -101188?
-101186
In base 7, what is -516641 + 0?
-516641
In base 10, what is 3 - -277870?
277873
In base 4, what is 1200302 - -201?
1201103
In base 11, what is -2 + 116848?
116846
In base 5, what is 1 - 141431033?
-141431032
In base 3, what is -120012221 - -20002?
-112222212
In base 10, what is 0 + -21325?
-21325
In base 15, what is 27d2 + 21?
2803
In base 3, what is -10011 - 22110?
-102121
In base 12, what is 92 - -132ba?
13390
In base 3, what is 1 - -20020202?
20020210
In base 6, what is 45 - -10500?
10545
In base 5, what is -4 + 341324?
341320
In base 8, what is -456767 + 3?
-456764
In base 4, what is 333212122 + 10?
333212132
In base 12, what is 142 + 545?
687
In base 13, what is 1 + 12aa?
12ab
In base 12, what is -41195 - -4?
-41191
In base 9, what is 1 - -44451?
44452
In base 2, what is -110011010 - 11100100?
-1001111110
In base 8, what is 36 - 31731?
-31673
In base 5, what is 12412 - 1042?
11320
In base 11, what is -10290a + 0?
-10290a
In base 2, what is 11 + -110010011010?
-110010010111
In base 16, what is -2 + -2535a?
-2535c
In base 11, what is 12 - 1788?
-1776
In base 16, what is -b785 + 0?
-b785
In base 6, what is 21 - -3321?
3342
In base 2, what is -111110101001100 - 101?
-111110101010001
In base 7, what is 505 + 1026?
1534
In base 6, what is -23114412 - 2?
-23114414
In base 2, what is 101 - 10000110101010110001?
-10000110101010101100
In base 6, what is 1024505 + -12?
1024453
In base 12, what is 76439 + 2?
7643b
In base 11, what is -56 + -196a?
-1a15
In base 9, what is 0 - 12777?
-12777
In base 8, what is 3367567 + -4?
3367563
In base 5, what is -314 + 41004?
40140
In base 11, what is 3933 - -39?
3971
In base 13, what is 1c79 + -c?
1c6a
In base 7, what is 1011024 - 54?
1010640
In base 13, what is 23b8 + -1?
23b7
In base 2, what is 111010011100011010 - -1?
111010011100011011
In base 16, what is d52 + -9?
d49
In base 12, what is -11a757 + 3?
-11a754
In base 9, what is 2485 + -218?
2266
In base 3, what is -2011120 - -20?
-2011100
In base 11, what is -3 + 22097?
22094
In base 11, what is -40497a - -5?
-404975
In base 7, what is -5 - 6053?
-6061
In base 9, what is 6 + -7548?
-7542
In base 13, what is 8 + -12383?
-12378
In base 13, what is 2aba5 - 0?
2aba5
In base 7, what is -356403 + -4?
-356410
In base 13, what is 89 + -2a3?
-217
In base 11, what is -54328 + 5?
-54323
In base 5, what is 3 - -2021430?
2021433
In base 7, what is -10 + 220052?
220042
In base 2, what is 111101 - 101?
111000
In base 15, what is -2 - 2257?
-2259
In base 2, what is 100111 - 110011000110?
-110010011111
In base 3, what is -10011011 - 11022?
-10022110
In base 9, what is -1876238 - 5?
-1876244
In base 10, what is 4 - -13463?
13467
In base 12, what is 1745 + 39?
1782
In base 13, what is -4a3 - 78b?
-c61
In base 9, what is 70451 + 0?
70451
In base 4, what is -11 - -3112?
3101
In base 2, what is 111100 + 111000101101?
111001101001
In base 15, what is 8ad - 63?
84a
In base 15, what is a - 187c?
-1872
In base 4, what is -1031 - -133021?
131330
In base 14, what is -5097 + 11?
-5086
In base 9, what is -8 - -446170?
446161
In base 5, what is 14411210 - 1?
14411204
In base 13, what is -8702 + -7?
-8709
In base 14, what is -401c - -4?
-4018
In base 2, what is 10011000011010011 - 100010?
10011000010110001
In base 7, what is -1552 - 33?
-1615
In base 7, what is -46 + 331111?
331032
In base 3, what is 1220 - -111002112?
111011102
In base 15, what is 3bb8 - -3?
3bbb
In base 11, what is -15 - 12a746?
-12a760
In base 10, what is -177 - 644?
-821
In base 12, what is -1678 + -15?
-1691
In base 15, what is 1866 + -a1?
17b5
In base 13, what is 5569c + 5?
556a4
In base 16, what is -a40 + -3?
-a43
In base 5, what is -21 + 1332102?
1332031
In base 5, what is 100223 - 223?
100000
In base 15, what is -3 + 5aed?
5aea
In base 11, what is -9164a6 + -4?
-9164aa
In base 7, what is 3 + -233624?
-233621
In base 16, what is -3 - 2f99f?
-2f9a2
In base 7, what is -101 - -116045?
115644
In base 2, what is -11111010 - -100000?
-11011010
In base 6, what is 210 - 203?
3
In base 6, what is 115124551 + -2?
115124545
In base 11, what is 50 + 7a6?
846
In base 10, what is -1302 + 3?
-1299
In base 9, what is -1 + 24403?
24402
In base 8, what is 0 + -436?
-436
In base 6, what is -40 - -30151?
30111
In base 13, what is -2b + -13283?
-132b1
In base 11, what is 442545 + 4?
442549
In base 9, what is 17 + -75517?
-75500
In base 10, what is -7369 - -5?
-7364
In base 12, what is 23291 - 1?
23290
In base 5, what is -3 + -30040430?
-30040433
In base 4, what is -1203 + 3301011?
3233202
In base 6, what is -15041 + 1100?
-13541
In base 11, what is -4 - 6751?
-6755
In base 16, what is -2 - -5558?
5556
In base 16, what is -1 + -2e82?
-2e83
In base 5, what is -22331 + 1103?
-21223
In base 2, what is 101 - 100100110101110?
-100100110101001
In base 5, what is -31424 - -330?
-31044
In base 4, what is -11 + -2113031230?
-2113031301
In base 16, what is 5b + 151?
1ac
In base 15, what is 53ae + -19?
5395
In base 5, what is 113323212 + -2?
113323210
In base 14, what is -5 - 32268?
-3226d
In base 11, what is 20048 - 30?
20018
In base 8, what is -67 - -14234?
14145
In base 2, what is 101001 - -101001011101?
101010000110
In base 5, what is -2304 - -343?
-1411
In base 6, what is 111554 - 1?
111553
In base 3, what is 1021110202 - -10?
1021110212
In base 15, what is -b - 980d?
-9819
In base 10, what is 1694087 - 5?
1694082
In base 8, what is -16011 - -1?
-16010
In base 7, what is -1446333 - -25?
-1446305
In base 6, what is -14030 - 141?
-14211
In base 7, what is 1033262 + 5?
1033300
In base 6, what is 3 - 15424?
-15421
In base 14, what is 7 - -1a79?
1a82
In base 2, what is -10 + -10000011010001?
-10000011010011
In base 14, what is -409 - -6d9?
2d0
In base 6, what is -5 + -53410?
-53415
In base 14, what is 1 - b49?
-b48
In base 3, what is 101 + -12000112?
-12000011
In base 7, what is -16 + -53551?
-53600
In base 11, what is -27774 - -3?
-27771
In base 8, what is 312200 + 17?
312217
In base 7, what is 12320 - 55?
12232
In base 13, what is 64 - -b1b1?
b245
In base 6, what is 41421541 + -10?
41421531
In base 5, what is -42 + 2421031?
2420434
In base 6, what is -2100 - -132?
-1524
In base 9, what is -20 + 224?
204
In base 7, what is -11063200 + -4?
-11063204
In base 2, what is -1 + 100011010100000?
100011010011111
In base 2, what is 11100100 - 11000100001010?
-11000000100110
In base 3, what is -100000010 + -1010?
-100001020
In base 8, what is 3 + 664665?
664670
In base 9, what is -2 + -1516?
-1518
In base 2, what is 0 + -10010001001110?
-10010001001110
In base 6, what is 202051 - -4?
202055
In base 10, what is -12183 - 11?
-12194
In base 16, what is -73 - 3?
-76
In base 9, what is -27 - -27360?
27332
In base 12, what is 5 + -21011?
-21008
In base 7, what is 23 - 455?
-432
In base 5, what is 1 + 431030?
431031
In base 12, what is -3 - 26368?
-2636b
In base 11, what is -1027 + 6?
-1021
In base 13, what is 1b3 + 32?
215
In base 7, what is -1 - 141?
-142
In base 16, what is 0 - -6a4e8?
6a4e8
In base 8, what is 67507 + 2?
67511
In base 4, what is 121 + 200120?
200301
In base 8, what is 3425033 - -1?
3425034
In base 15, what is -29 + 6733?
6709
In base 13, what is -2 + 6c3aa?
6c3a8
In base 15, what is -150 + -5d3?
-733
In base 15, what is 3 - 9675a?
-96757
In base 14, what is 27214a + 5?
272151
In base 14, what is 54d + 6?
555
In base 12, what is 85b + -a?
851
In base 14, what is -4 - -773d?
7739
In base 10, what is -48344 - 8?
-48352
In base 12, what is -197484 - -3?
-197481
In base 11, what is -1015 + -94?
-10a9
In base 5, what is 242 - 1204?
-412
In base 16, what is 5 - -279a9?
279ae
In base 10, what is 0 - -14317?
14317
In base 13, what is -10 + 721?
711
In base 8, what is 401100 - -2?
401102
In base 12, what is -58071 + 4?
-58069
In base 15, what is -1c04